 + 9. Calculate the remainder when 17 is divided by n.
5
Suppose 17 = x - 24. Calculate the remainder when x is divided by 14.
13
Let x(s) = 3*s**3 - 2*s**2 + s. What is the remainder when (1 - 0)/(201/99 + -2) is divided by x(2)?
15
Let p(j) be the second derivative of j**4/4 + j**3/6 - j**2/2 - j. Suppose i - 14 = -f, -3*f + 4*i - 5 = -33. What is the remainder when p(-3) is divided by f?
11
Suppose -c = 3*a - 24, -5*a = -0 + 5. What is the remainder when 77 is divided by c?
23
Let p be 1/4 + 207/4. Suppose 0 = -d - o + p, -37 = -5*d - 2*o + 226. What is the remainder when d is divided by 18?
17
Suppose -4 = -w, -b + w = -0*b - 13. Calculate the remainder when 50 is divided by b.
16
Let a = 54 - 41. What is the remainder when 23 is divided by a?
10
Let l = 214 - 351. Let r = -79 - l. Calculate the remainder when r is divided by 12.
10
Suppose 2*b - 18 = b. Let i(n) = n**2 - 10*n + 12. Let j be i(9). Suppose 30 = j*w - 0*w. What is the remainder when b is divided by w?
8
Let d = 79 - 47. What is the remainder when d is divided by 12?
8
Suppose 5*f - 4*i = 32 + 51, -5*f + 3*i + 81 = 0. Let m(q) = 2*q**2 - q + 1. Calculate the remainder when m(-5) is divided by f.
11
Let j(u) = -5*u + u - u**2 + 2*u**2 + 2. What is the remainder when (-5)/5 + -1 + 43 is divided by j(6)?
13
Suppose -g + 40 = 3*g. Let k(h) = h**3 - 15*h**2 + 2*h - 13. Calculate the remainder when k(15) is divided by g.
7
Suppose -6*o - 4*t = -o - 5, -o - t + 1 = 0. Calculate the remainder when (-225)/(-36) - o/4 is divided by 3.
0
Let t = 0 + 2. Suppose 5*a = 2*r + 162, -a + t*r + 31 = 5. Let v = 52 - a. Calculate the remainder when v is divided by 10.
8
Let r(t) = -t**3 + 5*t**2 - 3*t + 2. Let i(g) = 2*g**2 - 2*g - 1. Let y be i(-1). Let b = 27 - 23. Calculate the remainder when r(y) is divided by b.
3
Suppose 0 = -5*g + 4 + 11. Calculate the remainder when 8 is divided by g.
2
Let f = 93 - 85. Calculate the remainder when 182 is divided by f.
6
Let b(w) = 7*w - 1. Suppose 26 = o + 5*z, 2*o + 2*z = 7*z - 23. Let v be b(o). What is the remainder when (v/3)/((-2)/(-14)) is divided by 5?
4
Let g be 1 + (3 - 2) - -46. Suppose -2*v - 3*v - g = -3*q, 0 = -v. What is the remainder when -1 + (-1*47)/(-1) is divided by q?
14
Suppose 0 = -8*d + 6*d + 44. What is the remainder when d is divided by 6?
4
Let n(l) = 6*l + 2. Let m = -17 - -24. Let h = -12 + 27. What is the remainder when n(m) is divided by h?
14
What is the remainder when 24*(351/12)/9 is divided by 27?
24
Suppose -a = 47 - 71. Calculate the remainder when 71 is divided by a.
23
Let m = 93 - 48. Suppose 10*k - m = 5*k. Calculate the remainder when 31 is divided by k.
4
Let c = -27 + 37. Calculate the remainder when 17 is divided by c.
7
Suppose -3*a = -0 - 3. Let v(d) = 8*d**2 + d - 1. What is the remainder when 31 is divided by v(a)?
7
Let u be (110/(-20))/((-2)/12). Suppose u = -3*s + 6*s. What is the remainder when 20 is divided by s?
9
Let i(r) = 2*r**2 - 5*r + 1. What is the remainder when i(-6) is divided by 15?
13
What is the remainder when (-6)/2*(1 + -38) is divided by 14?
13
Let u(c) = 3*c**2 + 2*c - 4. Calculate the remainder when 48 is divided by u(-3).
14
Let t = -63 + 144. Calculate the remainder when t is divided by 14.
11
Suppose 4*u - 27 = 37. Calculate the remainder when 63 is divided by u.
15
Calculate the remainder when 1/((-151)/38 - -4) is divided by 13.
12
Let u = 721 - 500. Calculate the remainder when u is divided by 56.
53
Suppose 0*y = 5*y + 5*l - 20, 12 = 4*l. What is the remainder when 5 is divided by y + (4 - (-3 + 6))?
1
Suppose 0 = -a + 3*o - 7*o + 5, -4*a - 2*o + 6 = 0. Calculate the remainder when a is divided by 1.
0
Let l(t) be the third derivative of t**6/60 - t**5/30 + t**4/12 - t**3/2 + t**2. What is the remainder when l(3) is divided by 10?
9
Suppose -2*t - 5*i - 10 = 0, -4*t - 3*i = -5*i - 28. Calculate the remainder when 12 is divided by t.
2
Let b(z) = 124*z**2 + 2 + 0*z**3 - z**3 - z - 128*z**2. What is the remainder when 17 is divided by b(-4)?
5
Let z be -3*(-1 + 0)/1. Calculate the remainder when 10 is divided by 2 + ((-3)/z - -5).
4
Suppose -5*x = -3*o - 3 + 2, 4*o - x = 10. Suppose o*y = -3*f + 2*f - 8, 5*f - 12 = -2*y. Calculate the remainder when -1 - (-2 - 3 - 3) is divided by f.
3
Suppose -2*z + 3*q + 45 = 0, -11 + 46 = z + q. Suppose -2*o + z + 8 = 0. Calculate the remainder when 37 is divided by o.
18
Suppose -g + 114 = 2*g. Suppose 20 + 35 = 5*f. Let q = 2 + f. What is the remainder when g is divided by q?
12
Let p(l) = l**3 - l + 3. Let z be 0/2*(-3 + 2). Suppose 0 = 2*o + 3*o - 40. What is the remainder when o is divided by p(z)?
2
Let j = 20 + -28. Let f = 12 + j. Calculate the remainder when 15 is divided by f.
3
Suppose 10 + 3 = m. What is the remainder when m is divided by 5?
3
Let b(x) = x**2 - 9*x - 20. Calculate the remainder when 4 is divided by b(11).
0
Let q = -16 - -48. Let g(z) = 12*z**2 - 1. Calculate the remainder when q is divided by g(-1).
10
Suppose 5*f - 505 = 5*d, -4*f + 2*d + 0*d + 414 = 0. Suppose w = -w + f. What is the remainder when w is divided by 14?
11
Let h(s) = -s**3 - 6*s**2 - 8*s - 6. Let f(o) = -o**3 + 8*o**2 + o - 3. Let a be f(8). Suppose -d + a = -2*d. What is the remainder when 26 is divided by h(d)?
8
Let r = 10 + -10. Suppose r = -3*b + 2*b + 2*x + 1, -2*b + 2*x + 4 = 0. Calculate the remainder when 30/4 - 1/(-2) is divided by b.
2
Let y = 65 - 46. Let q(h) = h**3 + 3*h**2 - 14*h - 2. Calculate the remainder when q(4) is divided by y.
16
Suppose 0 = -8*l + l + 112. What is the remainder when 24 is divided by l?
8
Suppose -3*y + 60 = y. Calculate the remainder when y is divided by 7.
1
Let z be 1/((-3)/90*2). Let x = z + 31. What is the remainder when 46 is divided by x?
14
Suppose -v = 5*k + 160, 42 = -k - 3*v + 10. Let i = -15 - k. Calculate the remainder when 67 is divided by i.
16
Suppose 1 = -2*n + 21. Calculate the remainder when 47 is divided by n.
7
What is the remainder when 30 is divided by 60/18*24/10?
6
Suppose -u = -4*h + 4*u + 19, -3*u - 4 = 5*h. Suppose -4*g - g = -20. Let n = 5 - g. What is the remainder when h is divided by n?
0
Let s = 51 + -28. Calculate the remainder when 91 is divided by s.
22
Suppose -5*b - 9 = -j + 7, 0 = 3*b - 3. What is the remainder when (-552)/(-9) + (-4)/(-6) is divided by j?
20
Suppose -2*m = -m + 2. Let p = 3 + m. Calculate the remainder when p is divided by (2/(-5))/((-12)/30).
0
Let u(a) = a - 2. Let j be u(4). What is the remainder when (-2 + 0)*(-17)/j is divided by (-4 - -1)*(3 - 6)?
8
Let u = 2 - -12. What is the remainder when 65 is divided by u?
9
Let x(z) = 5*z**2 - 4*z + 3. Suppose -5*w = 2*d - 94, -2*d + 3*w - 159 = -5*d. Calculate the remainder when d is divided by x(2).
12
Calculate the remainder when -2*((0 - -1)*-2)/4 is divided by 1.
0
Suppose 4*i + 3*a - 231 = 0, -3 = -a + 2*a. Let q = i + -36. Calculate the remainder when q is divided by 4/(-6)*135/(-10).
6
Let p(n) = -n**3 + n**2 - n + 5. Suppose 0*y - 2*y = 0. Calculate the remainder when 14 is divided by p(y).
4
Let n(h) = -h + 14. Let y = -11 - -20. What is the remainder when n(-11) is divided by y?
7
Let f(h) = 4 - 1 + 3*h - h - h**3 + 2*h**2. Let d(c) = -c**3 - 2*c**2 - 4*c - 4. What is the remainder when d(-4) is divided by f(-2)?
14
Suppose 0*c + c - 28 = 0. Suppose 5*l - 3 - 67 = 0. Let s = l + -4. What is the remainder when c is divided by s?
8
Let h(x) = x - 2. Let b be h(4). Suppose 0*u + b*u = 12. Suppose 2*n = 4*m - 66, -m - n = -u*m + 81. Calculate the remainder when m is divided by 9.
7
Let f(r) = 3*r - 6. Let l(d) = -3*d + 7. Let u(t) = -3*f(t) - 2*l(t). Calculate the remainder when u(-9) is divided by 8.
7
Let m(n) = -n**3 + 5*n**2 + 4*n - 1. Let d be 32/(-24)*3/(-2). What is the remainder when m(5) is divided by (1/d)/(3/42)?
5
Let f(j) = 7 - 6*j - 4*j + 4*j + 2*j. What is the remainder when f(-9) is divided by 15?
13
Let n(f) = -3*f**3 - 3*f - 1. Let r be n(-4). Suppose u + 56 = 2*u - 3*v, 4*u - 5*v = r. Calculate the remainder when u is divided by 16.
15
Suppose 73*p + 68 = 77*p. Calculate the remainder when 62 is divided by p.
11
Let d(v) = 9*v + 2. What is the remainder when 31 is divided by d(1)?
9
Let x = -20 + 26. What is the remainder when 21 is divided by x?
3
Suppose -4*d - 68 = -276. 